 2*j + 2*a = -6, -2*a + 2 = 0. Suppose -8 - 6 = -4*s + j*h, 0 = 3*h + 9. Determine n(s).
-1
Let u(w) be the third derivative of 0 - 1/24*w**4 - 2*w**2 + 0*w**3 + 0*w. Give u(0).
0
Let o(f) be the second derivative of -7/20*f**5 + 0*f**4 + 0*f**2 + 0 + 1/6*f**3 - 4*f. What is o(1)?
-6
Let i(o) = o**3 + 4*o**2 + 4. Let c be 1/(-2)*6 - 2. Let u = c + 1. Give i(u).
4
Let p(w) = -7 - 3*w - 630*w**2 + 634*w**2 + w**3 - 4*w. Calculate p(-5).
3
Let z(i) = i**2 - 7*i - 6. Let g be z(8). Let s(w) = -w**2 + 0*w - w**g - 3 + 7*w - 9*w. Determine s(-2).
-7
Let c(r) = -r**2 + r + 11. Suppose 0 = -5*t - 15 - 30. Let l = 9 + t. Calculate c(l).
11
Let v(s) = 0*s**3 + 3*s**2 + 8*s - s**3 + 2*s**2 - 6. Suppose 0 = -p + 3 + 3. Determine v(p).
6
Let b(l) = 3*l**2 - 6*l - 9. Let y(v) = -v**2 + 3*v + 4. Let x(h) = 2*b(h) + 5*y(h). Let u(o) = -o**2 - 3*o - 3. Let r be u(-3). Calculate x(r).
2
Let w(y) = -3*y**2 + 10*y**3 - 1 + 10*y - 8*y - 8*y**3. Determine w(2).
7
Let m(h) = h**2 + 4*h + 4. Suppose s + f + 1 + 2 = 0, 3*f - 9 = 3*s. Give m(s).
1
Let c(t) = t**3 + t**2 - t + 1. Let y(k) = 4*k**3 + 9*k**2 - 4*k + 6. Let a(l) = -5*c(l) + y(l). What is a(4)?
5
Let t(k) = -k**3 + k**2 + k - 4. Suppose 4 = -4*w - 4*a, -w = 3*w - 4*a - 4. Give t(w).
-4
Suppose -3*y = 4*l - 29, -l + 28 = 3*y + 5. Let n be (3 - y) + 1*-1. Let c(a) be the second derivative of -a**3/3 - 5*a**2/2 + a. Calculate c(n).
5
Let t be (-3)/2 - 63/14. Let a(o) = -o - 10. Let m be a(t). Let h(w) = -3*w - 3. Give h(m).
9
Let c be 4/12*(7 + -1). Let v(k) = -k**3 - k**2 + 1. Determine v(c).
-11
Let c(s) = 4*s - 24. Let b be c(7). Let g(i) = i**2 - 9*i + 3. Let z(m) = -m**2 + 10*m - 2. Let n(d) = -4*g(d) - 3*z(d). Give n(b).
2
Let a = 7 - 13. Let f = 15 - 13. Let c(d) = 6*d**2 - f*d + d**3 + d**3 + d + 2 - d**3. Give c(a).
8
Let a(p) = p**3 - 6*p**2 - p + 3. Suppose 2*k - 10 = 2. What is a(k)?
-3
Let v(b) = b**2 - 4*b + 1. Let u be v(2). Let h(x) = x**2 + 4*x + 4. Give h(u).
1
Let q(m) = 12*m**2 + 10*m - 24 - 23 + 36 + m**3. What is q(-11)?
0
Let x(m) = 11*m**2 - 7*m - 3. Let n(r) = 4*r**2 - 2*r - 1. Let u(o) = -8*n(o) + 3*x(o). What is u(6)?
5
Let t be (-1)/(-4) + (-42)/8. Suppose y + 28 = -3*y. Let x(u) = 9*u + 5. Let c(r) = -4*r - 2. Let k(s) = y*c(s) - 3*x(s). Determine k(t).
-6
Let g(b) = b**2 + 14*b + 3. Let m(l) = -l**2 - 13*l - 3. Let w(y) = 5*g(y) + 6*m(y). Calculate w(-7).
4
Let j(n) = -n**2 + 8*n - 4. Let u be j(8). Let m(x) = 2*x + 4. Give m(u).
-4
Let i(z) = z**3 - 5*z**2 + 2*z - 7. Let s(y) = -3*y - 10. Let u be s(-5). What is i(u)?
3
Let z be 4/10 - 2/5. Suppose s + z*s + 10 = 0. Let p be s/((4 - 3)*-2). Let v(y) = -3*y + 7. Calculate v(p).
-8
Let v(u) = 3*u + 2. Let f(b) = b - 27. Let m be f(21). Calculate v(m).
-16
Suppose 0 = w + 4*t - 16, 2*w = 3*t - 0*t - 12. Suppose -l + 0*l + 3 = w. Let k(h) = 7*h - 3 + 2 - l*h. Calculate k(1).
3
Let z(a) be the first derivative of a**3/3 - a**2 + a + 1. Calculate z(1).
0
Let y(j) be the second derivative of j**5/20 - j**4/2 - j**3 - j**2 - 3*j. Calculate y(7).
5
Let w(x) = 2*x + 4. Let s(z) = 2*z + 5. Let h(i) = 3*s(i) - 4*w(i). What is h(3)?
-7
Let n = -27 + 25. Let q(j) = j**2 + 2*j. Determine q(n).
0
Let s(i) = i**2 + i - 1. Let h(x) = 7 + 4*x - 4*x - x. Let j be h(6). Give s(j).
1
Suppose 3 + 0 = a. Suppose -4*k - 3 = -k, 4*o + 2*k - 10 = 0. Let l(p) = -2*p + 3*p + o*p + 1 - 5*p. What is l(a)?
-2
Suppose 0 = 3*s + 20 - 5. Let v(u) = 9*u - 2*u - 1 - 1. Let t(a) = -4*a + 1. Let o(w) = s*t(w) - 3*v(w). Give o(0).
1
Let x = 8 + -6. Let q(z) = -z**2 + 12*z - 6. Let t be q(12). Let g = t + x. Let h(s) = s**2 + 3*s - 1. Give h(g).
3
Let y(j) = j - 2 - 2 + 9*j**3 + 3 - j**2. Determine y(1).
8
Let u(h) = -2 + 8*h**2 - 7*h**2 - 3*h + 6 + 0*h**2. Calculate u(4).
8
Let c(z) = -z**3 - 16*z**2 - 14*z + 17. Let s be c(-15). Let l(w) = 2*w - 4. Let d(v) = v - 5. Let u(a) = -2*d(a) + 3*l(a). Give u(s).
6
Let j(d) = -4*d + 4. Let u(r) = 3*r - 5. Let o(l) = 2*j(l) + 3*u(l). Determine o(6).
-1
Suppose 0 = -5*i - 2*g - 3 + 1, 3 = 3*i - 3*g. Let z(t) = -4 + t + i - 2*t. What is z(0)?
-4
Suppose 3*t - 6*c = -c - 2, -3*t - 4*c + 34 = 0. Let g(i) = -i**3 + 6*i**2 + 2*i + 3. Calculate g(t).
15
Suppose -k = -1 - 2. Suppose -5*d + k = -2. Let u(x) be the third derivative of x**5/10 + x**3/6 + 18*x**2. Give u(d).
7
Let g(x) = x**2 + x. Suppose 4*c = p - 17, -3*c + 0*c = -p + 14. What is g(c)?
6
Let a = -1 - -4. Let p(j) = -j**3 + 4*j**2 - 3*j + 4. Give p(a).
4
Let q(m) = -5 - 6*m**2 + m**3 + 2*m - 5*m + 4*m. Let o = 12 - 7. Suppose -3*n + o = -13. Determine q(n).
1
Let j(d) be the first derivative of d**4/2 - d**2/2 - 2*d - 1. Let p(v) be the first derivative of j(v). Let u be (1 + 0 - 2)*(-3 + 4). What is p(u)?
5
Suppose 0 = q - 4. Let c(v) = -v**2 + v**3 - 3 + 0*v**2 + q. Determine c(1).
1
Let f(g) be the first derivative of -g + 6 + 2*g**2 + 1/4*g**4 - 5/3*g**3. Give f(4).
-1
Let u be -1*(1 + 1) + -3. Let f(l) = l + 7. Let y be f(u). Let x(q) = 6 - 6 + 3*q**y - 3*q - q**3 + 2. Calculate x(3).
-7
Let n be (3 + 0)/((-1)/1). Let o(s) = s**3 - 4*s**2 - 6*s + 7. Let a be o(5). Let z(j) = j**3 + 0*j**3 - a - 5*j + j**2 - 2. Give z(n).
-7
Let c(b) = -b**3 + 5*b**2 - 3*b - 5. Let n be c(4). Let l(v) be the third derivative of 0*v + 0 + 1/6*v**3 - 1/24*v**4 + v**2. Determine l(n).
2
Let g(j) = -j**3 - j**2 - 3*j + 6. Let u be g(0). Let s(v) = -v**2 + 7*v - 4. What is s(u)?
2
Let k(x) = x**2 + 5*x - 4. Suppose -5*m + 98 = -42. Suppose -m = 3*s + 3*h - 4, -4*h = 12. Determine k(s).
-4
Let x(w) = -3*w + 24. Let f(p) = 4*p - 36. Let d(q) = -5*f(q) - 7*x(q). Determine d(-6).
6
Let w(m) = m**2 + 6*m + 7. Let s be w(-6). Let b = 9 - s. Let q(a) = 6*a - 3. What is q(b)?
9
Let u(l) = 6*l + 15. Let q(a) = a + 2. Let f(h) = -5*q(h) + u(h). Let o = -6 - -1. Calculate f(o).
0
Let v(n) = -n**3 + n**2 - n + 14. Let d be v(0). Suppose 4*r - 3*q = d, -5*r + 3*q = -0*q - 19. Let o(j) = j**3 - 4*j**2 - 5*j - 3. Determine o(r).
-3
Let k(b) = b**2 + b. Let f(h) = h**2 + h + 2. Let l(d) = -f(d) + 2*k(d). Determine l(3).
10
Let r(m) = 1 + 2*m + 3 + 0*m - 3*m. Calculate r(2).
2
Let r(d) be the first derivative of -d**4/12 - d**3/6 - d**2/2 - 5*d + 4. Let f(u) be the first derivative of r(u). What is f(-2)?
-3
Let s(w) = w - 1 + 5 + w + 2. What is s(-5)?
-4
Let p(o) be the first derivative of -o**3/3 - 3*o**2 - 5. Determine p(-5).
5
Suppose 2*b = 5*y - 15, -2*b - y - 3*y = -12. Let m(w) = -w**2 + 9. Calculate m(b).
9
Suppose 10 + 20 = 3*d. Let q be (-14)/(-35) - 4/d. Let f(w) = q*w - w - w + 1. Give f(4).
-7
Let x(c) = -2*c**2 - 3. Let u be x(3). Let j = 15 + u. Let k(g) = 3*g + 7. What is k(j)?
-11
Let m(o) = -12*o - 7. Let x(c) be the third derivative of -c**4/4 - 2*c**3/3 + 3*c**2. Let s(l) = -3*m(l) + 5*x(l). Calculate s(1).
7
Let b be (-11 - -4) + 3 - -4. Let i(u) = -u + 6. Determine i(b).
6
Let x(w) = w - 6. Let c be x(10). Let a(m) = -4*m - c - m + 3*m - m. What is a(-3)?
5
Let m(o) = -4 + 10 - 142*o**2 + 6 + o + 141*o**2. Determine m(0).
12
Let c(q) = -4*q + 1. Suppose -2*v + s = -0*s, 3*s - 9 = -3*v. Give c(v).
-3
Let h(c) = -10*c**3 - 20*c**2 - 27*c - 8. Let u(z) = -3*z**3 - 7*z**2 - 9*z - 3. Let s(i) = -2*h(i) + 7*u(i). What is s(-8)?
3
Let l(k) = 7 - 4 - 1 - k + 4*k. What is l(2)?
8
Let w(j) = 4*j + 1. Suppose -5*h + 3*p - 25 = -0*h, -2*p + 16 = -3*h. Give w(h).
-7
Let i = -4 + 8. Let v = 26 - 22. Let u(d) = -d**2 + v - i - d. Give u(0).
0
Let m(r) = 6*r + 7. Let o(p) = -11*p - 13. Let q(i) = 5*m(i) + 3*o(i). What is q(-4)?
8
Let d = -10 + 9. Let s(g) be the third derivative of g**6/30 - g**4/24 + 5*g**2. Determine s(d).
-3
Let v(z) = z**2 + 2*z - 1. Let a be ((-9)/(-2))/(12/16). Let p be ((-12)/9)/(a/(-9)). Suppose 0 = p*t + 3*i - 19, -2*t + 8*i - 21 = 3*i. Determine v(t).
7
Let r be 120/32 - (-3)/(-4). Let b(x) = x**3 - 2*x**2 - 4*x + 3. What is b(r)?
0
Let k(g) = g**2 - 9*g + 1. Let q be ((-76)/95)/(1/(-10)). Determine k(q).
-7
Suppose 2*j + 2 = 4. Let t(k) be the third derivative of -7*k**4/24 + k**3/6 - 2*k**2. What is t(j)?
-6
Let i be 2 + 2 + (3 - 2). Let x be 10/(-15)*(-1 - i). Let f(y) = -y**3 + 5*y**2 - 4*y - 4. Calculate f(x).
-4
Let a(l) = l**2 - 2*l - 1. Suppose 2*b - 28 = -5*b. Determine a(b).
7
Let z(p) = -2*p + 1. Suppose u + 3*w = 2 + 8, 12 = 4*w. Let b be 3 + -1 + 0/u. Let